s 112332200312200 + -1?
112332200312133
In base 8, what is -30423040 + -3?
-30423043
In base 12, what is 2b95b0 + -22?
2b958a
In base 8, what is -134 + 3721244?
3721110
In base 4, what is -3111030 + -112022131?
-121133221
In base 12, what is -19a38 - 1?
-19a39
In base 10, what is 70346359 - 4?
70346355
In base 9, what is -13727666 + -3?
-13727670
In base 3, what is -12212 + -1202210?
-1222122
In base 7, what is 131 - -341330?
341461
In base 3, what is -11 - -1010010221?
1010010210
In base 4, what is 1102311 + 100203111?
101312022
In base 14, what is -a53863 - 3b?
-a538a0
In base 8, what is -2 + 31707315?
31707313
In base 12, what is 48 + -44344a?
-443402
In base 14, what is 201341 + -dd?
201242
In base 11, what is 412 - 4029?
-3717
In base 8, what is 1115075 + 5?
1115102
In base 4, what is 31 - -1110011203232?
1110011203323
In base 14, what is -9d + -822c4?
-82383
In base 4, what is 1231111232 - 121?
1231111111
In base 14, what is 2014c78 + 17?
2014c91
In base 11, what is 3 - 1409a63?
-1409a60
In base 7, what is -1 - 14420361?
-14420362
In base 2, what is 1000 - -11111001001100011100?
11111001001100100100
In base 2, what is 111001010001010 - -101101110?
111001111111000
In base 2, what is 111100011110110100111 + -1?
111100011110110100110
In base 14, what is -24 - -3264d?
32629
In base 12, what is -22 - 918137?
-918159
In base 15, what is 550 - 3326?
-2cc6
In base 2, what is -11 - -101100101100010111110001000?
101100101100010111110000101
In base 14, what is -1a10064 - -4?
-1a10060
In base 15, what is -60 - -1329bc?
13295c
In base 4, what is 12323 + -10130302?
-10111313
In base 7, what is 2663102 - -10?
2663112
In base 11, what is 123a6 + -17308?
-4a12
In base 15, what is b1a - 355d?
-2943
In base 15, what is -2ae549a + -1?
-2ae549b
In base 2, what is 110110111101001111110100 - -1?
110110111101001111110101
In base 8, what is -1 - 100647037?
-100647040
In base 11, what is -7564 - -33430?
26977
In base 4, what is 11 - -3333330030213?
3333330030230
In base 3, what is -2211122110221022 + -21?
-2211122110221120
In base 14, what is -d818c92 - 1?
-d818c93
In base 7, what is 1 + 20002460?
20002461
In base 14, what is -5 - 199?
-1a0
In base 7, what is 1434 + 560150?
561614
In base 5, what is 21444 - 14033?
2411
In base 3, what is -1102100222 + -22112?
-1102200111
In base 15, what is -257d81 - 3?
-257d84
In base 14, what is -28b - -dac6b?
da9c0
In base 11, what is 6198 - -1806?
79a3
In base 9, what is -23407730 - -4?
-23407725
In base 6, what is 1122201441 - -1?
1122201442
In base 16, what is 56 - -262690?
2626e6
In base 3, what is 1202020112 - -211102?
1210001221
In base 12, what is -a + -83941a?
-839428
In base 5, what is 131 + -11404004411?
-11404004230
In base 2, what is 110 + -110011010001010010111011?
-110011010001010010110101
In base 8, what is -23600 - -2620?
-20760
In base 10, what is -13 - 674075?
-674088
In base 16, what is -3 + -14163e?
-141641
In base 9, what is 676 + -751?
-64
In base 4, what is 3 + -3031103003100?
-3031103003031
In base 3, what is -11 - 1100022001021?
-1100022001102
In base 6, what is 45355500 + 303?
45400203
In base 15, what is -17 - ad3ca?
-ad3e2
In base 7, what is -13410 - 243053?
-256463
In base 13, what is -4 - -a132?
a12b
In base 13, what is -2 - 9c4ac?
-9c4b1
In base 2, what is 101000111011011011 + -1010001001?
101000110001010010
In base 3, what is 1021 - 21210222120121?
-21210222112100
In base 12, what is -476680 + -5?
-476685
In base 16, what is 2824c + -177?
280d5
In base 6, what is -4 - 45251030530?
-45251030534
In base 9, what is 144486101 + 4?
144486105
In base 7, what is -13434 - -36335?
22601
In base 2, what is 110001100 - -10101110110?
11100000010
In base 3, what is -11121211221 + 2001?
-11121202220
In base 5, what is -3143040123401 - 1?
-3143040123402
In base 8, what is 5 + -56636314?
-56636307
In base 3, what is -12 - -10100211000201202?
10100211000201120
In base 14, what is -669c4cb - 0?
-669c4cb
In base 6, what is -344523 - 105?
-345032
In base 2, what is -1100011111110011010001101 - 100?
-1100011111110011010010001
In base 11, what is -273877 + -497?
-274263
In base 12, what is -4 - -28b77b?
28b777
In base 7, what is 3 + -12541442325?
-12541442322
In base 10, what is 1548757 + -55?
1548702
In base 8, what is -56 - 4325364?
-4325442
In base 14, what is -1711 - 5a6?
-1cb7
In base 16, what is -825 + -11cf?
-19f4
In base 5, what is -21 - -213231142?
213231121
In base 11, what is 25239281 - a?
25239272
In base 8, what is -2 + -45655252?
-45655254
In base 4, what is 10310 + -2210?
2100
In base 7, what is 114554242 - 1?
114554241
In base 15, what is -3a81 + 896?
-31da
In base 3, what is -111121000 - -101210212?
-2210011
In base 14, what is 9b126 - -2?
9b128
In base 5, what is 122024330 + 210?
122030040
In base 11, what is -71155725 - 1?
-71155726
In base 11, what is 77 - -5668?
5734
In base 9, what is 7307628 + 0?
7307628
In base 9, what is -3 + 18418340?
18418336
In base 14, what is -388 + 43dd9?
43a51
In base 2, what is 111001100100111111 - 1011?
111001100100110100
In base 6, what is -23443 - -1312411?
1244524
In base 14, what is -17 + 1d8973?
1d895a
In base 6, what is -53210223 - 1133?
-53211400
In base 4, what is -3022002 + -302303?
-3330311
In base 5, what is 3 + -111204411030?
-111204411022
In base 15, what is b3 - c3e9?
-c336
In base 14, what is 1 - -51a3666?
51a3667
In base 4, what is -20231203120 - -202?
-20231202312
In base 6, what is -30435305 - -343?
-30434522
In base 7, what is -252602013 - -11?
-252602002
In base 16, what is -8f1 - -1619?
d28
In base 5, what is -2324400 + -1031334?
-3411234
In base 7, what is 21125025 - -45?
21125103
In base 10, what is 4 - 2170900?
-2170896
In base 10, what is -81 - -128084?
128003
In base 6, what is 3 - -10025011212?
10025011215
In base 6, what is 504 + 402225103?
402230011
In base 15, what is -55cc + 40?
-558c
In base 14, what is -3 - 1d2461?
-1d2464
In base 4, what is -113023122 - -11030?
-113012032
In base 10, what is 1 + -23263077?
-23263076
In base 15, what is -57 - -1b27?
1ac0
In base 3, what is 11210121210 + 120002?
11211011212
In base 9, what is -32256 - -24?
-32232
In base 6, what is 100 - 13341531?
-13341431
In base 4, what is -21 - 10003320322?
-10003321003
In base 14, what is 79c079 - 39?
79c040
In base 5, what is 3112 + 44120410?
44124022
In base 5, what is 3011 - 1003132?
-1000121
In base 2, what is 111 + 101100110111111110111?
101100110111111111110
In base 4, what is 12022002303 + -1001?
12022001302
In base 12, what is 6299a8a0 - 4?
6299a898
In base 12, what is -5 - -224a51b?
224a516
In base 12, what is 354 + -474847?
-4744b3
In base 16, what is -2675 - -56e3?
306e
In base 10, what is -1468422 - -4?
-1468418
In base 11, what is 2 + 9110a70?
9110a72
In base 2, what is 100 + -11110110100111110101111010?
-11110110100111110101110110
In base 4, what is 10 + -3331131322112?
-3331131322102
In base 5, what is 142 - 10222320?
-10222123
In base 13, what is 12720 + -1031?
116bc
In base 12, what is -360 + 38868?
38508
In base 14, what is 4b4 + 2c44?
3318
In base 16, what is -a82 + 3044a?
2f9c8
In base 14, what is 223 + 87dd?
8a22
In base 14, what is 349 + 5d88?
62d3
In base 14, what is 3583d59 - 7?
3583d52
In base 3, what is -101202002011000 + 0?
-101202002011000
In base 4, what is -11223111 + -1230313?
-13120030
In base 5, what is -11032143 - 1010?
-11033203
In base 15, what is -5c - -55336?
552c9
In base 15, what is -7 + 6e0dc?
6e0d5
In base 6, what is -3 + 11432123?
11432120
In base 6, what is 214 + 1241342?
1242000
In base 8, what is -712661 - 133?
-713014
In base 5, what is 3 + 113431403013?
113431403021
In base 13, what is 472170 + 8?
472178
In base 12, what is 4684 - -257b?
7043
In base 12, what is a2 - 12505?
-12423
In base 5, what is -1243140 - 210034?
-2003224
In base 6, what is -4110201 - -13?
-4110144
In base 4, what is 1 - 10102312300?
-10102312233
In base 11, what is 384 + 63208?
63591
In base 12, what is -10 + -309a061?
-309a071
In base 9, what is 2027 + 84815?
86843
In base 9, what is 480885 + -451?
480434
In base 11, what is 0 + 336033?
336033
In base 4, what is 230233120 - -1011?
230300131
In base 2, what is -111110111101111 - -1000001011110011?
10100000100
In base 10, what is 3 + -221687609?
-221687606
In base 4, what is 323210321233 + 